[INFO] cloning repository https://github.com/Pandabear314/sam_graphics
[INFO] running `Command { std: "git" "-c" "credential.helper=" "-c" "credential.helper=/workspace/cargo-home/bin/git-credential-null" "clone" "--bare" "https://github.com/Pandabear314/sam_graphics" "/workspace/cache/git-repos/https%3A%2F%2Fgithub.com%2FPandabear314%2Fsam_graphics", kill_on_drop: false }`
[INFO] [stderr] Cloning into bare repository '/workspace/cache/git-repos/https%3A%2F%2Fgithub.com%2FPandabear314%2Fsam_graphics'...
[INFO] running `Command { std: "git" "rev-parse" "HEAD", kill_on_drop: false }`
[INFO] [stdout] cc82604f30aac5974c8a890fd7d0bdf98de297a0
[INFO] checking Pandabear314/sam_graphics against master#af3c6e733a40e671550e0f0f5aeecaa13772ba56 for pr-74989
[INFO] running `Command { std: "git" "clone" "/workspace/cache/git-repos/https%3A%2F%2Fgithub.com%2FPandabear314%2Fsam_graphics" "/workspace/builds/worker-1/source", kill_on_drop: false }`
[INFO] [stderr] Cloning into '/workspace/builds/worker-1/source'...
[INFO] [stderr] done.
[INFO] validating manifest of git repo https://github.com/Pandabear314/sam_graphics on toolchain af3c6e733a40e671550e0f0f5aeecaa13772ba56
[INFO] running `Command { std: "/workspace/cargo-home/bin/cargo" "+af3c6e733a40e671550e0f0f5aeecaa13772ba56" "read-manifest" "--manifest-path" "Cargo.toml", kill_on_drop: false }`
[INFO] started tweaking git repo https://github.com/Pandabear314/sam_graphics
[INFO] removed path dependency drawing from git repo https://github.com/Pandabear314/sam_graphics
[INFO] finished tweaking git repo https://github.com/Pandabear314/sam_graphics
[INFO] tweaked toml for git repo https://github.com/Pandabear314/sam_graphics written to /workspace/builds/worker-1/source/Cargo.toml
[INFO] crate git repo https://github.com/Pandabear314/sam_graphics already has a lockfile, it will not be regenerated
[INFO] running `Command { std: "/workspace/cargo-home/bin/cargo" "+af3c6e733a40e671550e0f0f5aeecaa13772ba56" "fetch" "--locked" "--manifest-path" "Cargo.toml", kill_on_drop: false }`
[INFO] [stderr] warning: dependency (drawing) specified without providing a local path, Git repository, or version to use. This will be considered an error in future versions
[INFO] [stderr]     Blocking waiting for file lock on package cache
[INFO] [stderr]     Updating crates.io index
[INFO] [stderr] error: the lock file /workspace/builds/worker-1/source/Cargo.lock needs to be updated but --locked was passed to prevent this
[INFO] [stderr] If you want to try to generate the lock file without accessing the network, use the --offline flag.
[INFO] the lockfile is outdated, regenerating it
[INFO] running `Command { std: "/workspace/cargo-home/bin/cargo" "+af3c6e733a40e671550e0f0f5aeecaa13772ba56" "generate-lockfile" "--manifest-path" "Cargo.toml" "-Zno-index-update", kill_on_drop: false }`
[INFO] running `Command { std: "/workspace/cargo-home/bin/cargo" "+af3c6e733a40e671550e0f0f5aeecaa13772ba56" "fetch" "--locked" "--manifest-path" "Cargo.toml", kill_on_drop: false }`
[INFO] [stderr] warning: dependency (drawing) specified without providing a local path, Git repository, or version to use. This will be considered an error in future versions
[INFO] running `Command { std: "docker" "create" "-v" "/var/lib/crater-agent-workspace/builds/worker-1/target:/opt/rustwide/target:rw,Z" "-v" "/var/lib/crater-agent-workspace/builds/worker-1/source:/opt/rustwide/workdir:ro,Z" "-v" "/var/lib/crater-agent-workspace/cargo-home:/opt/rustwide/cargo-home:ro,Z" "-v" "/var/lib/crater-agent-workspace/rustup-home:/opt/rustwide/rustup-home:ro,Z" "-e" "SOURCE_DIR=/opt/rustwide/workdir" "-e" "CARGO_TARGET_DIR=/opt/rustwide/target" "-e" "CARGO_HOME=/opt/rustwide/cargo-home" "-e" "RUSTUP_HOME=/opt/rustwide/rustup-home" "-w" "/opt/rustwide/workdir" "-m" "1610612736" "--user" "0:0" "--network" "none" "rustops/crates-build-env@sha256:d92eaeed33fa75130ca1ee6c8a01d1ffb62bac859dfdfb3450e3e5d1c0146529" "/opt/rustwide/cargo-home/bin/cargo" "+af3c6e733a40e671550e0f0f5aeecaa13772ba56" "metadata" "--no-deps" "--format-version=1", kill_on_drop: false }`
[INFO] [stdout] c92c150a45582a8b6ad9e914b89ddf87babfa943b278b0e1b5388c4936c2b011
[INFO] [stderr] WARNING: Your kernel does not support swap limit capabilities or the cgroup is not mounted. Memory limited without swap.
[INFO] running `Command { std: "docker" "start" "-a" "c92c150a45582a8b6ad9e914b89ddf87babfa943b278b0e1b5388c4936c2b011", kill_on_drop: false }`
[INFO] running `Command { std: "docker" "inspect" "c92c150a45582a8b6ad9e914b89ddf87babfa943b278b0e1b5388c4936c2b011", kill_on_drop: false }`
[INFO] running `Command { std: "docker" "rm" "-f" "c92c150a45582a8b6ad9e914b89ddf87babfa943b278b0e1b5388c4936c2b011", kill_on_drop: false }`
[INFO] [stdout] c92c150a45582a8b6ad9e914b89ddf87babfa943b278b0e1b5388c4936c2b011
[INFO] running `Command { std: "docker" "create" "-v" "/var/lib/crater-agent-workspace/builds/worker-1/target:/opt/rustwide/target:rw,Z" "-v" "/var/lib/crater-agent-workspace/builds/worker-1/source:/opt/rustwide/workdir:ro,Z" "-v" "/var/lib/crater-agent-workspace/cargo-home:/opt/rustwide/cargo-home:ro,Z" "-v" "/var/lib/crater-agent-workspace/rustup-home:/opt/rustwide/rustup-home:ro,Z" "-e" "SOURCE_DIR=/opt/rustwide/workdir" "-e" "CARGO_TARGET_DIR=/opt/rustwide/target" "-e" "CARGO_INCREMENTAL=0" "-e" "RUST_BACKTRACE=full" "-e" "RUSTFLAGS=--cap-lints=forbid" "-e" "CARGO_HOME=/opt/rustwide/cargo-home" "-e" "RUSTUP_HOME=/opt/rustwide/rustup-home" "-w" "/opt/rustwide/workdir" "-m" "1610612736" "--user" "0:0" "--network" "none" "rustops/crates-build-env@sha256:d92eaeed33fa75130ca1ee6c8a01d1ffb62bac859dfdfb3450e3e5d1c0146529" "/opt/rustwide/cargo-home/bin/cargo" "+af3c6e733a40e671550e0f0f5aeecaa13772ba56" "check" "--frozen" "--all" "--all-targets" "--message-format=json", kill_on_drop: false }`
[INFO] [stdout] 7592bb6e3ed918b00cbfaa878e73e4180d182c22d8c5836446d33cc8237b8860
[INFO] [stderr] WARNING: Your kernel does not support swap limit capabilities or the cgroup is not mounted. Memory limited without swap.
[INFO] running `Command { std: "docker" "start" "-a" "7592bb6e3ed918b00cbfaa878e73e4180d182c22d8c5836446d33cc8237b8860", kill_on_drop: false }`
[INFO] [stderr] warning: dependency (drawing) specified without providing a local path, Git repository, or version to use. This will be considered an error in future versions
[INFO] [stderr]    Compiling libc v0.2.77
[INFO] [stderr]    Compiling xml-rs v0.8.3
[INFO] [stderr]    Compiling autocfg v1.0.1
[INFO] [stderr]    Compiling khronos_api v3.1.0
[INFO] [stderr]    Compiling pkg-config v0.3.18
[INFO] [stderr]    Compiling libloading v0.6.3
[INFO] [stderr]    Compiling cc v1.0.59
[INFO] [stderr]    Compiling nix v0.14.1
[INFO] [stderr]    Compiling byteorder v1.3.4
[INFO] [stderr]     Checking lazycell v1.3.0
[INFO] [stderr]    Compiling syn v1.0.40
[INFO] [stderr]     Checking downcast-rs v1.2.0
[INFO] [stderr]    Compiling getrandom v0.1.15
[INFO] [stderr]     Checking smallvec v1.4.2
[INFO] [stderr]     Checking xdg v2.2.0
[INFO] [stderr]    Compiling anyhow v1.0.32
[INFO] [stderr]     Checking ppv-lite86 v0.2.9
[INFO] [stderr]     Checking clamped v1.0.0
[INFO] [stderr]     Checking log v0.4.11
[INFO] [stderr]     Checking dlib v0.4.2
[INFO] [stderr]    Compiling num-traits v0.2.12
[INFO] [stderr]    Compiling x11-dl v2.18.5
[INFO] [stderr]     Checking wayland-sys v0.23.6
[INFO] [stderr]    Compiling cmake v0.1.44
[INFO] [stderr]     Checking stb_truetype v0.3.1
[INFO] [stderr]    Compiling gl_generator v0.14.0
[INFO] [stderr]    Compiling wayland-scanner v0.23.6
[INFO] [stderr]    Compiling freetype-sys v0.13.1
[INFO] [stderr]    Compiling libloading v0.5.2
[INFO] [stderr]     Checking net2 v0.2.35
[INFO] [stderr]     Checking iovec v0.1.4
[INFO] [stderr]     Checking memmap v0.7.0
[INFO] [stderr]     Checking parking_lot_core v0.7.2
[INFO] [stderr]     Checking raw-window-handle v0.3.3
[INFO] [stderr]     Checking shared_library v0.1.9
[INFO] [stderr]     Checking osmesa-sys v0.1.2
[INFO] [stderr]     Checking rand_core v0.5.1
[INFO] [stderr]     Checking parking_lot v0.10.2
[INFO] [stderr]     Checking mio v0.6.22
[INFO] [stderr]     Checking rand_chacha v0.2.2
[INFO] [stderr]     Checking ordered-float v1.1.0
[INFO] [stderr]     Checking approx v0.3.2
[INFO] [stderr]     Checking line_drawing v0.7.0
[INFO] [stderr]     Checking euclid v0.21.0
[INFO] [stderr]     Checking rand v0.7.3
[INFO] [stderr]     Checking freetype-rs v0.26.0
[INFO] [stderr]     Checking rusttype v0.8.3
[INFO] [stderr]    Compiling glutin_egl_sys v0.1.5
[INFO] [stderr]    Compiling glutin_glx_sys v0.1.7
[INFO] [stderr]    Compiling gl v0.14.0
[INFO] [stderr]     Checking mio-extras v2.0.6
[INFO] [stderr]     Checking rusttype v0.7.9
[INFO] [stderr]     Checking andrew v0.2.1
[INFO] [stderr]    Compiling wayland-client v0.23.6
[INFO] [stderr]    Compiling wayland-protocols v0.23.6
[INFO] [stderr]     Checking wayland-commons v0.23.6
[INFO] [stderr]     Checking calloop v0.4.4
[INFO] [stderr]    Compiling thiserror-impl v1.0.20
[INFO] [stderr]     Checking thiserror v1.0.20
[INFO] [stderr]     Checking drawing v0.1.0
[INFO] [stderr]     Checking smithay-client-toolkit v0.6.6
[INFO] [stderr]     Checking winit v0.22.2
[INFO] [stderr]     Checking glutin v0.24.1
[INFO] [stderr]     Checking sam_graphics v0.1.0 (/opt/rustwide/workdir)
[INFO] [stdout] error[E0432]: unresolved import `drawing::image`
[INFO] [stdout]  --> src/main.rs:6:5
[INFO] [stdout]   |
[INFO] [stdout] 6 | use drawing::image;
[INFO] [stdout]   |     ^^^^^^^^^^^^^^ no `image` in the root
[INFO] [stdout] 
[INFO] [stdout] 
[INFO] [stdout] error[E0432]: unresolved import `drawing::image`
[INFO] [stdout]  --> src/game.rs:9:5
[INFO] [stdout]   |
[INFO] [stdout] 9 | use drawing::image;
[INFO] [stdout]   |     ^^^^^^^^^^^^^^ no `image` in the root
[INFO] [stdout] 
[INFO] [stdout] 
[INFO] [stdout] error[E0432]: unresolved import `drawing::image`
[INFO] [stdout]  --> src/main.rs:6:5
[INFO] [stdout]   |
[INFO] [stdout] 6 | use drawing::image;
[INFO] [stdout]   |     ^^^^^^^^^^^^^^ no `image` in the root
[INFO] [stdout] 
[INFO] [stdout] 
[INFO] [stdout] error[E0432]: unresolved import `drawing::image`
[INFO] [stdout]  --> src/game.rs:9:5
[INFO] [stdout]   |
[INFO] [stdout] 9 | use drawing::image;
[INFO] [stdout]   |     ^^^^^^^^^^^^^^ no `image` in the root
[INFO] [stdout] 
[INFO] [stdout] 
[INFO] [stdout] error[E0433]: failed to resolve: could not find `Event` in `glutin`
[INFO] [stdout]   --> src/game.rs:35:25
[INFO] [stdout]    |
[INFO] [stdout] 35 |                 glutin::Event::WindowEvent {event: glutin::WindowEvent::CloseRequested, ..} => run_game = false,
[INFO] [stdout]    |                         ^^^^^ could not find `Event` in `glutin`
[INFO] [stdout] 
[INFO] [stdout] 
[INFO] [stdout] error[E0433]: failed to resolve: could not find `WindowEvent` in `glutin`
[INFO] [stdout]   --> src/game.rs:35:60
[INFO] [stdout]    |
[INFO] [stdout] 35 |                 glutin::Event::WindowEvent {event: glutin::WindowEvent::CloseRequested, ..} => run_game = false,
[INFO] [stdout]    |                                                            ^^^^^^^^^^^ could not find `WindowEvent` in `glutin`
[INFO] [stdout] 
[INFO] [stdout] 
[INFO] [stdout] error[E0433]: failed to resolve: could not find `EventsLoop` in `glutin`
[INFO] [stdout]   --> src/main.rs:25:31
[INFO] [stdout]    |
[INFO] [stdout] 25 |     let events_loop = glutin::EventsLoop::new();
[INFO] [stdout]    |                               ^^^^^^^^^^ could not find `EventsLoop` in `glutin`
[INFO] [stdout] 
[INFO] [stdout] 
[INFO] [stdout] error[E0412]: cannot find type `Window` in crate `glutin`
[INFO] [stdout]   --> src/game.rs:12:77
[INFO] [stdout]    |
[INFO] [stdout] 12 |     window_context: glutin::ContextWrapper<glutin::PossiblyCurrent, glutin::Window>, 
[INFO] [stdout]    |                                                                             ^^^^^^ not found in `glutin`
[INFO] [stdout]    |
[INFO] [stdout] help: consider importing one of these items
[INFO] [stdout]    |
[INFO] [stdout] 9  | use glutin::platform::unix::x11::Window;
[INFO] [stdout]    |
[INFO] [stdout] 9  | use glutin::platform::unix::x11::ffi::Window;
[INFO] [stdout]    |
[INFO] [stdout] 9  | use glutin::window::Window;
[INFO] [stdout]    |
[INFO] [stdout] 
[INFO] [stdout] 
[INFO] [stdout] error[E0412]: cannot find type `EventsLoop` in crate `glutin`
[INFO] [stdout]   --> src/game.rs:13:29
[INFO] [stdout]    |
[INFO] [stdout] 13 |     mut event_loop: glutin::EventsLoop, 
[INFO] [stdout]    |                             ^^^^^^^^^^ not found in `glutin`
[INFO] [stdout] 
[INFO] [stdout] 
[INFO] [stdout] error[E0433]: failed to resolve: could not find `WindowBuilder` in `glutin`
[INFO] [stdout]   --> src/main.rs:28:34
[INFO] [stdout]    |
[INFO] [stdout] 28 |     let window_builder = glutin::WindowBuilder::new()
[INFO] [stdout]    |                                  ^^^^^^^^^^^^^ not found in `glutin`
[INFO] [stdout]    |
[INFO] [stdout] help: consider importing this struct
[INFO] [stdout]    |
[INFO] [stdout] 6  | use glutin::window::WindowBuilder;
[INFO] [stdout]    |
[INFO] [stdout] 
[INFO] [stdout] 
[INFO] [stdout] error[E0433]: failed to resolve: could not find `Event` in `glutin`
[INFO] [stdout]   --> src/game.rs:35:25
[INFO] [stdout]    |
[INFO] [stdout] 35 |                 glutin::Event::WindowEvent {event: glutin::WindowEvent::CloseRequested, ..} => run_game = false,
[INFO] [stdout]    |                         ^^^^^ could not find `Event` in `glutin`
[INFO] [stdout] 
[INFO] [stdout] 
[INFO] [stdout] error[E0433]: failed to resolve: could not find `WindowEvent` in `glutin`
[INFO] [stdout]   --> src/game.rs:35:60
[INFO] [stdout]    |
[INFO] [stdout] 35 |                 glutin::Event::WindowEvent {event: glutin::WindowEvent::CloseRequested, ..} => run_game = false,
[INFO] [stdout]    |                                                            ^^^^^^^^^^^ could not find `WindowEvent` in `glutin`
[INFO] [stdout] 
[INFO] [stdout] 
[INFO] [stdout] error[E0433]: failed to resolve: could not find `EventsLoop` in `glutin`
[INFO] [stdout]   --> src/main.rs:25:31
[INFO] [stdout]    |
[INFO] [stdout] 25 |     let events_loop = glutin::EventsLoop::new();
[INFO] [stdout]    |                               ^^^^^^^^^^ could not find `EventsLoop` in `glutin`
[INFO] [stdout] 
[INFO] [stdout] 
[INFO] [stdout] error[E0412]: cannot find type `Window` in crate `glutin`
[INFO] [stdout]   --> src/game.rs:12:77
[INFO] [stdout]    |
[INFO] [stdout] 12 |     window_context: glutin::ContextWrapper<glutin::PossiblyCurrent, glutin::Window>, 
[INFO] [stdout]    |                                                                             ^^^^^^ not found in `glutin`
[INFO] [stdout]    |
[INFO] [stdout] help: consider importing one of these items
[INFO] [stdout]    |
[INFO] [stdout] 9  | use glutin::platform::unix::x11::Window;
[INFO] [stdout]    |
[INFO] [stdout] 9  | use glutin::platform::unix::x11::ffi::Window;
[INFO] [stdout]    |
[INFO] [stdout] 9  | use glutin::window::Window;
[INFO] [stdout]    |
[INFO] [stdout] 
[INFO] [stdout] 
[INFO] [stdout] error[E0412]: cannot find type `EventsLoop` in crate `glutin`
[INFO] [stdout]   --> src/game.rs:13:29
[INFO] [stdout]    |
[INFO] [stdout] 13 |     mut event_loop: glutin::EventsLoop, 
[INFO] [stdout]    |                             ^^^^^^^^^^ not found in `glutin`
[INFO] [stdout] 
[INFO] [stdout] 
[INFO] [stdout] error[E0433]: failed to resolve: could not find `WindowBuilder` in `glutin`
[INFO] [stdout]   --> src/main.rs:28:34
[INFO] [stdout]    |
[INFO] [stdout] 28 |     let window_builder = glutin::WindowBuilder::new()
[INFO] [stdout]    |                                  ^^^^^^^^^^^^^ not found in `glutin`
[INFO] [stdout]    |
[INFO] [stdout] help: consider importing this struct
[INFO] [stdout]    |
[INFO] [stdout] 6  | use glutin::window::WindowBuilder;
[INFO] [stdout]    |
[INFO] [stdout] 
[INFO] [stdout] 
[INFO] [stdout] error: aborting due to 8 previous errors
[INFO] [stdout] 
[INFO] [stdout] 
[INFO] [stdout] Some errors have detailed explanations: E0412, E0432, E0433.
[INFO] [stdout] 
[INFO] [stdout] For more information about an error, try `rustc --explain E0412`.
[INFO] [stdout] 
[INFO] [stderr] error: could not compile `sam_graphics`.
[INFO] [stderr] 
[INFO] [stderr] To learn more, run the command again with --verbose.
[INFO] [stderr] warning: build failed, waiting for other jobs to finish...
[INFO] [stdout] error: aborting due to 8 previous errors
[INFO] [stdout] 
[INFO] [stdout] 
[INFO] [stdout] Some errors have detailed explanations: E0412, E0432, E0433.
[INFO] [stdout] 
[INFO] [stdout] For more information about an error, try `rustc --explain E0412`.
[INFO] [stdout] 
[INFO] [stderr] error: build failed
[INFO] running `Command { std: "docker" "inspect" "7592bb6e3ed918b00cbfaa878e73e4180d182c22d8c5836446d33cc8237b8860", kill_on_drop: false }`
[INFO] running `Command { std: "docker" "rm" "-f" "7592bb6e3ed918b00cbfaa878e73e4180d182c22d8c5836446d33cc8237b8860", kill_on_drop: false }`
[INFO] [stdout] 7592bb6e3ed918b00cbfaa878e73e4180d182c22d8c5836446d33cc8237b8860
